s 35336929 a prime number?
False
Is 2795537 a composite number?
False
Is 1373989 a composite number?
False
Is 152419717 a composite number?
True
Is 78222937 composite?
True
Is 162160391 a prime number?
False
Is 9706349 prime?
True
Is 147617 a prime number?
True
Is 12032927 a composite number?
False
Is 279257311 a prime number?
True
Is 25365167 a prime number?
False
Is 2517483 composite?
True
Is 1181879 composite?
False
Is 37031383 prime?
True
Is 1668379 a prime number?
True
Is 2680381 a prime number?
False
Is 102856289 a composite number?
False
Is 413849 a composite number?
False
Is 34933939 a prime number?
False
Is 1447661 a composite number?
False
Is 1022259737 prime?
True
Is 42530323 composite?
True
Is 51611873 a composite number?
True
Is 4838161 composite?
True
Is 33304589 prime?
False
Is 706187153 a composite number?
True
Is 3504733 a composite number?
True
Is 591799 composite?
True
Is 128431 composite?
False
Is 105864565 a prime number?
False
Is 120000527 a prime number?
True
Is 2490377 a prime number?
True
Is 624030397 prime?
True
Is 65580785 a prime number?
False
Is 89928107 a composite number?
False
Is 6766631 prime?
True
Is 30154261 composite?
False
Is 16845251 a composite number?
False
Is 8355037 a composite number?
True
Is 12862739 prime?
True
Is 16463649 composite?
True
Is 36600877 prime?
True
Is 11027539 a prime number?
False
Is 676664851 a prime number?
True
Is 114120211 prime?
False
Is 14086253 a prime number?
False
Is 4871819 a prime number?
True
Is 12477021 composite?
True
Is 392964491 a prime number?
False
Is 47114261 composite?
False
Is 68233943 prime?
True
Is 3255085 a composite number?
True
Is 35051969 a prime number?
False
Is 2431393 prime?
True
Is 20480237 a composite number?
True
Is 5290819 prime?
False
Is 171958295 a composite number?
True
Is 137574739 prime?
False
Is 96891181 a composite number?
True
Is 41046353 prime?
True
Is 209213 a composite number?
False
Is 102353239 prime?
False
Is 406247 a composite number?
False
Is 27450019 a prime number?
False
Is 12183259 a composite number?
True
Is 11057239 a prime number?
True
Is 71059433 a composite number?
False
Is 18480617 composite?
True
Is 17465519 prime?
True
Is 15921415 a composite number?
True
Is 14956013 a prime number?
False
Is 64937885 a prime number?
False
Is 2398271 composite?
True
Is 97483247 a prime number?
False
Is 1499003 prime?
False
Is 157335253 composite?
False
Is 4042769 a composite number?
False
Is 674977 prime?
True
Is 23649391 a prime number?
True
Is 2826323 prime?
True
Is 146106869 composite?
True
Is 401340047 prime?
True
Is 36431581 composite?
False
Is 29622139 a prime number?
True
Is 215230261 a prime number?
False
Is 6462667 prime?
True
Is 19882 prime?
False
Is 119069933 composite?
False
Is 31231726 prime?
False
Is 26042605 a prime number?
False
Is 629472727 a prime number?
False
Is 9524953 a prime number?
False
Is 798673 composite?
True
Is 8783761 composite?
True
Is 5465549 prime?
True
Is 3742529 a prime number?
False
Is 105523874 composite?
True
Is 160252399 prime?
False
Is 33290921 a composite number?
True
Is 2057251 prime?
False
Is 215282867 a composite number?
True
Is 184927801 a prime number?
False
Is 5771989 a composite number?
False
Is 56559733 prime?
False
Is 10906802 composite?
True
Is 22213313 a prime number?
True
Is 10288507 prime?
False
Is 776297199 a composite number?
True
Is 7194019 a composite number?
True
Is 14486149 a prime number?
True
Is 34007 prime?
False
Is 901758037 a prime number?
False
Is 17134681 composite?
False
Is 4892819 a composite number?
False
Is 1166177 prime?
False
Is 48280369 prime?
True
Is 956749 prime?
True
Is 24348521 prime?
True
Is 4458793 composite?
False
Is 6245117 composite?
True
Is 78991219 composite?
False
Is 31660043 prime?
True
Is 9335581 a prime number?
False
Is 2079811 a composite number?
False
Is 46992653 composite?
True
Is 1074683 a composite number?
False
Is 2941999 prime?
False
Is 35563271 a prime number?
False
Is 1348311 composite?
True
Is 110597567 a prime number?
False
Is 32385757 a prime number?
False
Is 672313715 a prime number?
False
Is 4065141 composite?
True
Is 103336993 prime?
True
Is 1194671 a prime number?
True
Is 1395617 prime?
False
Is 266707643 prime?
True
Is 32833187 a composite number?
False
Is 99643 composite?
False
Is 510251 a composite number?
True
Is 24256423 prime?
False
Is 31372937 prime?
False
Is 412315 a composite number?
True
Is 4696049 a composite number?
False
Is 540433 a prime number?
True
Is 118708349 prime?
True
Is 1983017 a prime number?
False
Is 154659539 prime?
False
Is 378164557 a composite number?
True
Is 29645923 a prime number?
True
Is 340369 a prime number?
True
Is 90681061 prime?
True
Is 10905698 composite?
True
Is 8815889 prime?
True
Is 120792737 prime?
False
Is 94947263 prime?
True
Is 12062053 a prime number?
True
Is 704109607 a prime number?
True
Is 67897859 a composite number?
False
Is 3325477 prime?
False
Is 480397 composite?
True
Is 6817553 a prime number?
True
Is 353117 prime?
True
Is 7813241 composite?
False
Is 243701 prime?
True
Is 142610999 prime?
True
Is 217259249 a composite number?
False
Is 142357351 a prime number?
False
Is 480666553 prime?
True
Is 203471881 a composite number?
False
Is 9107941 a prime number?
True
Is 70217947 composite?
False
Is 1680287 a prime number?
False
Is 11848397 a composite number?
True
Is 106531 a composite number?
False
Is 4731091 prime?
True
Is 2542453 prime?
True
Is 3568907 composite?
False
Is 679706459 composite?
False
Is 117967153 prime?
False
Is 1773889 a composite number?
True
Is 6412261 a prime number?
True
Is 971963 a composite number?
True
Is 346325555 composite?
True
Is 24679673 prime?
True
Is 5218498 prime?
False
Is 157231729 a composite number?
False
Is 23590409 a prime number?
False
Is 113149987 a prime number?
True
Is 1350403 prime?
True
Is 94558807 a prime number?
False
Is 10134901 a composite number?
True
Is 4393387 prime?
True
Is 2486801 composite?
False
Is 78442481 a prime number?
False
Is 265118369 a prime number?
False
Is 391757 a composite number?
False
Is 172577491 prime?
True
Is 166759379 a prime number?
True
Is 9235781 composite?
False
Is 97779911 composite?
False
Is 212095661 a composite number?
False
Is 14063111 a composite number?
False
Is 7562641 composite?
False
Is 2173183 composite?
False
Is 14204937 a composite number?
True
Is 4173587 composite?
True
Is 49167473 composite?
True
Is 4696177 a composite number?
False
Is 3736717 composite?
False
Is 67817353 prime?
True
Is 485991593 prime?
True
Is 87128339 a composite number?
True
Is 7313381 a prime number?
True
Is 755541613 composite?
True
Is 22460762 composite?
True
Is 775823 a composite number?
False
Is 289078 composite?
True
Is 2590583 composite?
False
Is 83611927 a composite number?
True
Is 9356981 prime?
True
Is 144660913 composite?
False
Is 29517539 a prime number?
False
Is 31241401 a composite number?
False
Is 44764751 composite?
False
Is 2646937 a prime number?
True
Is 29296739 prime?
True
Is 128619481 prime?
False
Is 91435745 a composite number?
True
Is 8853511 prime?
True
Is 6837671 composite?
True
Is 1810528235 a composite number?
True
Is 90784555 a prime number?
False
Is 15510847 a prime number?
False
Is 62642621 a composite number?
False
Is 1833509 a prime number?
True
Is 8912489 composite?
False
Is 297359 a prime number?
True
Is 1888633 composite?
False
Is 133490803 composite?
True
Is 9549791 composite?
False
Is 791773 composite?
False
Is 15592739 composite?
False
Is 32192833 a prime number?
False
Is 518030351 a prime number?
True
Is 4122799 composite?
True
Is 266859209 composite?
True
Is 182122937 a composite number?
True
Is 156313463 a prime number?
False
Is 129887 prime?
True
Is 268181567 composite?
True
Is 76070255 a composite number?
True
Is 20071057 prime?
False
Is 170814551 a prime number?
True
Is 45903551 a prime number?
False
Is 80185393 a composite number?
True
Is 7301561 a composite number?
False
Is 20527141 composite?
True
Is 591199 a prime number?
False
Is 10236329 composite?
True
Is 81065091 prime?
False
Is 1637201 prime?
False
Is 81547847 a composite number?
False
Is 23449957 a prime number?
True
Is 69111429 composite?
True
Is 239070413 composite?
False
Is 39316049 prime?
True
Is 65948941 a composite num